{"id":34,"date":"2024-05-19T12:02:22","date_gmt":"2024-05-19T12:02:22","guid":{"rendered":"http:\/\/live-in-harmony.de\/about-us\/"},"modified":"2025-12-20T11:45:18","modified_gmt":"2025-12-20T11:45:18","slug":"about-us","status":"publish","type":"page","link":"http:\/\/live-in-harmony.de\/?page_id=34","title":{"rendered":"\u00dcber Mich"},"content":{"rendered":"\t\t<div data-elementor-type=\"wp-page\" data-elementor-id=\"34\" class=\"elementor elementor-34\">\n\t\t\t\t<div class=\"elementor-element elementor-element-06aa98e e-grid e-con-boxed e-con e-parent\" data-id=\"06aa98e\" data-element_type=\"container\" data-e-type=\"container\">\n\t\t\t\t\t<div class=\"e-con-inner\">\n\t\t\t\t<div class=\"elementor-element elementor-element-7dd0541 elementor-widget elementor-widget-text-editor\" data-id=\"7dd0541\" data-element_type=\"widget\" data-e-type=\"widget\" data-widget_type=\"text-editor.default\">\n\t\t\t\t<div class=\"elementor-widget-container\">\n\t\t\t\t\t\t\t\t\t<h3><span style=\"color: #24241d;\">Mein Name ist Christiane und ich wohne im Kreis Neustadt am Rbge., n\u00f6rdlich in der Region Hannover gelegen. Seitdem ich im Jahr 2022 die Essential Oils von Young Living kennengelernt habe, hat sich in meinem Leben einiges ver\u00e4ndert. Mein Bewusstsein f\u00fcr die Nat\u00fcrlichkeit, den Weg chemiefrei(er) durch das Leben zu gehen, hat sich weiterentwickelt und das spiegelt mein K\u00f6rper in jeder Zelle wider. Zudem habe ich eine Ausbildung zur Aromaenergetikerin gemacht und betrachte die Welt nochmal mit anderen Augen.<\/span><\/h3>\t\t\t\t\t\t\t\t<\/div>\n\t\t\t\t<\/div>\n\t\t\t\t<div class=\"elementor-element elementor-element-2e51c8c elementor-widget elementor-widget-image\" data-id=\"2e51c8c\" data-element_type=\"widget\" data-e-type=\"widget\" data-widget_type=\"image.default\">\n\t\t\t\t<div class=\"elementor-widget-container\">\n\t\t\t\t\t\t\t\t\t\t\t\t<figure class=\"wp-caption\">\n\t\t\t\t\t\t\t\t\t\t<img fetchpriority=\"high\" decoding=\"async\" width=\"768\" height=\"1295\" src=\"http:\/\/live-in-harmony.de\/wp-content\/uploads\/2025\/12\/WhatsApp-Image-2025-12-20-at-12.35.05-1-768x1295.jpeg\" class=\"attachment-medium_large size-medium_large wp-image-743\" alt=\"\" srcset=\"http:\/\/live-in-harmony.de\/wp-content\/uploads\/2025\/12\/WhatsApp-Image-2025-12-20-at-12.35.05-1-768x1295.jpeg 768w, http:\/\/live-in-harmony.de\/wp-content\/uploads\/2025\/12\/WhatsApp-Image-2025-12-20-at-12.35.05-1-178x300.jpeg 178w, http:\/\/live-in-harmony.de\/wp-content\/uploads\/2025\/12\/WhatsApp-Image-2025-12-20-at-12.35.05-1-608x1024.jpeg 608w, http:\/\/live-in-harmony.de\/wp-content\/uploads\/2025\/12\/WhatsApp-Image-2025-12-20-at-12.35.05-1-911x1536.jpeg 911w, http:\/\/live-in-harmony.de\/wp-content\/uploads\/2025\/12\/WhatsApp-Image-2025-12-20-at-12.35.05-1.jpeg 1215w\" sizes=\"(max-width: 768px) 100vw, 768px\" \/>\t\t\t\t\t\t\t\t\t\t\t<figcaption class=\"widget-image-caption wp-caption-text\"><\/figcaption>\n\t\t\t\t\t\t\t\t\t\t<\/figure>\n\t\t\t\t\t\t\t\t\t<\/div>\n\t\t\t\t<\/div>\n\t\t\t\t\t<\/div>\n\t\t\t\t<\/div>\n\t\t<div class=\"elementor-element elementor-element-147470e e-flex e-con-boxed e-con e-parent\" data-id=\"147470e\" data-element_type=\"container\" data-e-type=\"container\">\n\t\t\t\t\t<div class=\"e-con-inner\">\n\t\t\t\t\t<\/div>\n\t\t\t\t<\/div>\n\t\t\t\t<\/div>\n\t\t","protected":false},"excerpt":{"rendered":"<p>Mein Name ist Christiane und ich wohne im Kreis Neustadt am Rbge., n\u00f6rdlich in der Region Hannover gelegen. Seitdem ich im Jahr 2022 die Essential Oils von Young Living kennengelernt habe, hat sich in meinem Leben einiges ver\u00e4ndert. Mein Bewusstsein f\u00fcr die Nat\u00fcrlichkeit, den Weg chemiefrei(er) durch das Leben zu gehen, hat sich weiterentwickelt und [&hellip;]<\/p>\n","protected":false},"author":1,"featured_media":0,"parent":0,"menu_order":0,"comment_status":"closed","ping_status":"closed","template":"elementor_header_footer","meta":{"footnotes":""},"class_list":["post-34","page","type-page","status-publish","hentry"],"_links":{"self":[{"href":"http:\/\/live-in-harmony.de\/index.php?rest_route=\/wp\/v2\/pages\/34","targetHints":{"allow":["GET"]}}],"collection":[{"href":"http:\/\/live-in-harmony.de\/index.php?rest_route=\/wp\/v2\/pages"}],"about":[{"href":"http:\/\/live-in-harmony.de\/index.php?rest_route=\/wp\/v2\/types\/page"}],"author":[{"embeddable":true,"href":"http:\/\/live-in-harmony.de\/index.php?rest_route=\/wp\/v2\/users\/1"}],"replies":[{"embeddable":true,"href":"http:\/\/live-in-harmony.de\/index.php?rest_route=%2Fwp%2Fv2%2Fcomments&post=34"}],"version-history":[{"count":110,"href":"http:\/\/live-in-harmony.de\/index.php?rest_route=\/wp\/v2\/pages\/34\/revisions"}],"predecessor-version":[{"id":747,"href":"http:\/\/live-in-harmony.de\/index.php?rest_route=\/wp\/v2\/pages\/34\/revisions\/747"}],"wp:attachment":[{"href":"http:\/\/live-in-harmony.de\/index.php?rest_route=%2Fwp%2Fv2%2Fmedia&parent=34"}],"curies":[{"name":"wp","href":"https:\/\/api.w.org\/{rel}","templated":true}]}}