{"id":18,"date":"2024-05-19T12:02:16","date_gmt":"2024-05-19T12:02:16","guid":{"rendered":"http:\/\/live-in-harmony.de\/workshop\/"},"modified":"2025-12-20T11:53:02","modified_gmt":"2025-12-20T11:53:02","slug":"workshop","status":"publish","type":"page","link":"http:\/\/live-in-harmony.de\/?page_id=18","title":{"rendered":"Workshop"},"content":{"rendered":"\t\t<div data-elementor-type=\"wp-page\" data-elementor-id=\"18\" class=\"elementor elementor-18\">\n\t\t\t\t<div class=\"elementor-element elementor-element-d721650 e-con-full e-flex e-con e-parent\" data-id=\"d721650\" data-element_type=\"container\" data-e-type=\"container\">\n\t\t<div class=\"elementor-element elementor-element-b83f40b e-con-full e-flex e-con e-child\" data-id=\"b83f40b\" data-element_type=\"container\" data-e-type=\"container\">\n\t\t\t\t<div class=\"elementor-element elementor-element-cc75910 elementor-widget__width-initial elementor-widget elementor-widget-text-editor\" data-id=\"cc75910\" data-element_type=\"widget\" data-e-type=\"widget\" data-widget_type=\"text-editor.default\">\n\t\t\t\t<div class=\"elementor-widget-container\">\n\t\t\t\t\t\t\t\t\t<h4 style=\"text-align: center;\"><span style=\"color: #000000;\">Young Living stellt seit 1994 hochwirksame therapeutische Aroma\u00f6le her. Es ist die einzige Firma die das SEED TO SEAL Siegel tr\u00e4gt und damit exzellente Qualit\u00e4t verspricht. Von der Saat bis zum Siegel werden alle Schritte kontrolliert, um absolute Reinheit zu garantieren. Produkte werde ausschlie\u00dflich von unternehmenseigenen Farmen und SEED TO SEAL zertifizierte Partnerfarmen bezogen. Die vielf\u00e4ltigen Tests werden von hochqualifizierten Wissenschaftlern in firmeneigenen und unabh\u00e4ngigen Partnerlaboren durchgef\u00fchrt. Damit bietet Young Living einen hohen Standard, dem Sie vertrauen d\u00fcrfen.<\/span><\/h4>\t\t\t\t\t\t\t\t<\/div>\n\t\t\t\t<\/div>\n\t\t\t\t<\/div>\n\t\t<div class=\"elementor-element elementor-element-345aeb7 e-flex e-con-boxed e-con e-child\" data-id=\"345aeb7\" data-element_type=\"container\" data-e-type=\"container\">\n\t\t\t\t\t<div class=\"e-con-inner\">\n\t\t\t\t<div class=\"elementor-element elementor-element-8c04540 elementor-widget elementor-widget-image\" data-id=\"8c04540\" data-element_type=\"widget\" data-e-type=\"widget\" data-widget_type=\"image.default\">\n\t\t\t\t<div class=\"elementor-widget-container\">\n\t\t\t\t\t\t\t\t\t\t\t\t\t\t\t<img fetchpriority=\"high\" decoding=\"async\" width=\"300\" height=\"300\" src=\"http:\/\/live-in-harmony.de\/wp-content\/uploads\/2024\/07\/6f1c0785-7e3d-4199-9b00-0dd8f4783c0d-300x300.jpeg\" class=\"attachment-medium size-medium wp-image-546\" alt=\"\" srcset=\"http:\/\/live-in-harmony.de\/wp-content\/uploads\/2024\/07\/6f1c0785-7e3d-4199-9b00-0dd8f4783c0d-300x300.jpeg 300w, http:\/\/live-in-harmony.de\/wp-content\/uploads\/2024\/07\/6f1c0785-7e3d-4199-9b00-0dd8f4783c0d-1019x1024.jpeg 1019w, http:\/\/live-in-harmony.de\/wp-content\/uploads\/2024\/07\/6f1c0785-7e3d-4199-9b00-0dd8f4783c0d-150x150.jpeg 150w, http:\/\/live-in-harmony.de\/wp-content\/uploads\/2024\/07\/6f1c0785-7e3d-4199-9b00-0dd8f4783c0d.jpeg 1080w\" sizes=\"(max-width: 300px) 100vw, 300px\" \/>\t\t\t\t\t\t\t\t\t\t\t\t\t\t\t<\/div>\n\t\t\t\t<\/div>\n\t\t\t\t\t<\/div>\n\t\t\t\t<\/div>\n\t\t\t\t<\/div>\n\t\t<div class=\"elementor-element elementor-element-1771aee e-flex e-con-boxed e-con e-parent\" data-id=\"1771aee\" data-element_type=\"container\" data-e-type=\"container\">\n\t\t\t\t\t<div class=\"e-con-inner\">\n\t\t\t\t<div class=\"elementor-element elementor-element-7c274bd elementor-widget elementor-widget-text-editor\" data-id=\"7c274bd\" data-element_type=\"widget\" data-e-type=\"widget\" data-widget_type=\"text-editor.default\">\n\t\t\t\t<div class=\"elementor-widget-container\">\n\t\t\t\t\t\t\t\t\t<h3 style=\"text-align: center;\"><span style=\"text-decoration: underline;\"><span style=\"color: #000000; text-decoration: underline;\">Chemiefrei(er) Wohnen<\/span><\/span><\/h3><h4 style=\"text-align: center;\"><span style=\"color: #000000;\">Wir sind heutzutage umgeben von unmengen an Giftstoffen. Wir atmen diese ein, geben sie auf unsere Haut oder nehmen sie z.B. in Form von Nahrung zu uns. Meine &#8222;Initialz\u00fcndung&#8220; bekam ich 2023 als ich die App &#8222;ToxFox&#8220; ausprobierte. Jeder von uns hat im Badezimmer eine gro\u00dfe Auswahl an Kosmetika\/Drogerieartikel. Nur 2-3 Produkte waren bei mir frei von Schadstoffen. Als gelernte Zahntechnikerin habe ich mir bildlich vorgestellt, wie ich mir den fl\u00fcssigen Kunststoff ins Gesicht schmiere. Ein Schadstoff der immer wieder aufgef\u00fchrt wird, sowie auch hormonelle Schadstoffe. Kein Wunder also, dass Kinder\/Jugendliche immer fr\u00fcher reif sind. Viele Reinigungsmittel sind meist synthetisch hergestellt. Wie w\u00e4re es, wenn wir, Kinder und Tiere bedenkenlos \u00fcber den gewischten Boden laufen\/krabbeln, die H\u00e4nde\/F\u00fc\u00dfe und Pfoten abschlabbern k\u00f6nnen ohne Chemie aufzunehmen? Theoretisch ein Schluck vom Wischwasser probieren k\u00f6nnten, ohne gleich panisch zum Arzt fahren zu m\u00fcssen und zus\u00e4tzlich das Wischwasser an unsere Pflanzen geben. Bei Young Living haben wir damit einen geschlossenen Kreislauf und unterst\u00fctzen nicht nur uns positiv, sondern auch alle unsere Lieben die mit im Haushalt leben und unsere Umwelt.<\/span><\/h4>\t\t\t\t\t\t\t\t<\/div>\n\t\t\t\t<\/div>\n\t\t<div class=\"elementor-element elementor-element-2ba077d e-con-full e-flex e-con e-child\" data-id=\"2ba077d\" data-element_type=\"container\" data-e-type=\"container\">\n\t\t\t\t<div class=\"elementor-element elementor-element-d844030 elementor-widget elementor-widget-text-editor\" data-id=\"d844030\" data-element_type=\"widget\" data-e-type=\"widget\" data-widget_type=\"text-editor.default\">\n\t\t\t\t<div class=\"elementor-widget-container\">\n\t\t\t\t\t\t\t\t\t<h3 style=\"text-align: center;\"><span style=\"text-decoration: underline; color: #000000;\">Plus\u00d6le als Nahrungserg\u00e4nzung<\/span><\/h3><h4 style=\"text-align: center;\"><span style=\"color: #000000;\">F\u00fcr eine Innerliche Anwendung <span style=\"text-decoration: underline;\">m\u00fcssen<\/span> \u00a0\u00e4therische \u00d6le als Nahrungserg\u00e4nzung gekennzeichnet sein. Wie ich finde, hat es einige Vorteile solche in seiner K\u00fcche zu benutzen. S\u00e4mtliche Kr\u00e4utert\u00f6pfe gingen bei mir schon ein. Nie hatte ich frische Kr\u00e4uter parat. Getrocknete Kr\u00e4uter verlieren irgendwann an Intensit\u00e4t, ihre pflanzeneigenen \u00e4therischen \u00d6le und Wirkstoffe sind verflogen.\u00a0Tipp: Hier kann man mit einem entsprechenden Plus\u00d6l die Kr\u00e4uter wieder zum Leben erwecken. Es macht total Sinn, hochwirksame f\u00fcr Therapie zugelassene \u00e4therisch Plus\u00d6le auch innerlich zu sich zunehmen. Diese \u00d6le sind fantastische Elektronenspender. Selbst mit einer gesunden Ern\u00e4hrung schaffen wir es heute nicht, genug Elektronen dem K\u00f6rper zur Verf\u00fcgung zu stellen. Einem Sauerstoffatom fehlen z.B. zwei Elektronen. Wenn dieses Atom keine freien Elektronen findet, rei\u00dft es diese aus einer gesunden Zelle heraus. Selten sind wir in der Lage \u00fcber unsere Ern\u00e4hrung eine angegriffene Zelle zu reparieren. So entstehen <strong>fast<\/strong> alle Krankheiten. Aus dem Buch: \u00c4therische \u00d6le als geniale Elektronenspender von Maria L. Schasteen und Helmut Matzner<\/span><\/h4>\t\t\t\t\t\t\t\t<\/div>\n\t\t\t\t<\/div>\n\t\t\t\t<\/div>\n\t\t\t\t<div class=\"elementor-element elementor-element-8214ee8 elementor-widget elementor-widget-text-editor\" data-id=\"8214ee8\" data-element_type=\"widget\" data-e-type=\"widget\" data-widget_type=\"text-editor.default\">\n\t\t\t\t<div class=\"elementor-widget-container\">\n\t\t\t\t\t\t\t\t\t<h3 style=\"text-align: center;\"><span style=\"color: #000000;\"><em><strong>Gott hat f\u00fcr jede Krankheit eine Pflanze wachsen lassen. Sehet Euch um in der Natur und sch\u00f6pft aus der Apotheke Gottes.<\/strong><\/em><\/span><\/h3><h6 style=\"text-align: center;\"><span style=\"color: #000000;\">(Par<\/span><span style=\"color: #000000;\">acelsus<\/span><span style=\"color: #000000;\"> &#8211; mittelalterlicher Arzt und Philosoph)<\/span><\/h6>\t\t\t\t\t\t\t\t<\/div>\n\t\t\t\t<\/div>\n\t\t\t\t<div class=\"elementor-element elementor-element-76927d6 elementor-widget elementor-widget-text-editor\" data-id=\"76927d6\" data-element_type=\"widget\" data-e-type=\"widget\" data-widget_type=\"text-editor.default\">\n\t\t\t\t<div class=\"elementor-widget-container\">\n\t\t\t\t\t\t\t\t\t<h3 style=\"text-align: center;\"><span style=\"text-decoration: underline;\"><span style=\"color: #000000; text-decoration: underline;\">Anwendungen<\/span><\/span><\/h3><h4 style=\"text-align: center;\"><span style=\"color: #000000;\">\u00c4therische \u00d6le k\u00f6nnen \u00fcber das Fl\u00e4schchen direkt, Handinhalation oder der gereinigten Raumluft (Diffusor) eingeatmet werden. \u00dcber das limbische System werden Emotionen direkt beeinflusst.<\/span><\/h4><h4 style=\"text-align: center;\"><span style=\"color: #000000;\">\u00c4u\u00dferlich angewand sind die Wirkstoffe der Pflanzen nach 22 Sekunden im K\u00f6rper und nach 2 Minuten im Blutkreislauf nachweisbar.<\/span><\/h4><h4 style=\"text-align: center;\"><span style=\"color: #000000;\">F\u00fcr innere Anwendungen d\u00fcrfen nur die als Nahrungserg\u00e4nzung gekennzeichneten Plus\u00d6le, \u00fcber Nahrung oder bef\u00fcllbare Kapseln, zu sich genommen werden.\u00a0<\/span><\/h4><div style=\"text-align: center;\"><span style=\"color: #000000;\">\u00a0<\/span><\/div>\t\t\t\t\t\t\t\t<\/div>\n\t\t\t\t<\/div>\n\t\t\t\t\t<\/div>\n\t\t\t\t<\/div>\n\t\t<div class=\"elementor-element elementor-element-3a40ef8 e-flex e-con-boxed e-con e-parent\" data-id=\"3a40ef8\" data-element_type=\"container\" data-e-type=\"container\" data-settings=\"{&quot;background_background&quot;:&quot;gradient&quot;}\">\n\t\t\t\t\t<div class=\"e-con-inner\">\n\t\t\t\t<div class=\"elementor-element elementor-element-b6dcf59 elementor-widget elementor-widget-text-editor\" data-id=\"b6dcf59\" data-element_type=\"widget\" data-e-type=\"widget\" data-widget_type=\"text-editor.default\">\n\t\t\t\t<div class=\"elementor-widget-container\">\n\t\t\t\t\t\t\t\t\t<h4 style=\"text-align: center;\"><strong><em><span style=\"color: #000000;\">Da es ein paar Dinge bei den Anwendungen zu beachten gibt, sprecht mich bitte an!<\/span><\/em><\/strong><\/h4>\t\t\t\t\t\t\t\t<\/div>\n\t\t\t\t<\/div>\n\t\t\t\t\t<\/div>\n\t\t\t\t<\/div>\n\t\t<div class=\"elementor-element elementor-element-d3360cb e-flex e-con-boxed e-con e-parent\" data-id=\"d3360cb\" data-element_type=\"container\" data-e-type=\"container\">\n\t\t\t\t\t<div class=\"e-con-inner\">\n\t\t\t\t\t<\/div>\n\t\t\t\t<\/div>\n\t\t<div class=\"elementor-element elementor-element-049b03d e-flex e-con-boxed e-con e-parent\" data-id=\"049b03d\" data-element_type=\"container\" data-e-type=\"container\">\n\t\t\t\t\t<div class=\"e-con-inner\">\n\t\t\t\t<div class=\"elementor-element elementor-element-da6997f elementor-widget elementor-widget-image\" data-id=\"da6997f\" data-element_type=\"widget\" data-e-type=\"widget\" data-widget_type=\"image.default\">\n\t\t\t\t<div class=\"elementor-widget-container\">\n\t\t\t\t\t\t\t\t\t\t\t\t\t\t\t<img decoding=\"async\" width=\"768\" height=\"1086\" src=\"http:\/\/live-in-harmony.de\/wp-content\/uploads\/2025\/12\/WhatsApp-Image-2025-12-20-at-12.48.35-768x1086.jpeg\" class=\"attachment-medium_large size-medium_large wp-image-748\" alt=\"\" srcset=\"http:\/\/live-in-harmony.de\/wp-content\/uploads\/2025\/12\/WhatsApp-Image-2025-12-20-at-12.48.35-768x1086.jpeg 768w, http:\/\/live-in-harmony.de\/wp-content\/uploads\/2025\/12\/WhatsApp-Image-2025-12-20-at-12.48.35-212x300.jpeg 212w, http:\/\/live-in-harmony.de\/wp-content\/uploads\/2025\/12\/WhatsApp-Image-2025-12-20-at-12.48.35-724x1024.jpeg 724w, http:\/\/live-in-harmony.de\/wp-content\/uploads\/2025\/12\/WhatsApp-Image-2025-12-20-at-12.48.35-1086x1536.jpeg 1086w, http:\/\/live-in-harmony.de\/wp-content\/uploads\/2025\/12\/WhatsApp-Image-2025-12-20-at-12.48.35.jpeg 1414w\" sizes=\"(max-width: 768px) 100vw, 768px\" \/>\t\t\t\t\t\t\t\t\t\t\t\t\t\t\t<\/div>\n\t\t\t\t<\/div>\n\t\t\t\t\t<\/div>\n\t\t\t\t<\/div>\n\t\t\t\t<\/div>\n\t\t","protected":false},"excerpt":{"rendered":"<p>Young Living stellt seit 1994 hochwirksame therapeutische Aroma\u00f6le her. Es ist die einzige Firma die das SEED TO SEAL Siegel tr\u00e4gt und damit exzellente Qualit\u00e4t verspricht. Von der Saat bis zum Siegel werden alle Schritte kontrolliert, um absolute Reinheit zu garantieren. Produkte werde ausschlie\u00dflich von unternehmenseigenen Farmen und SEED TO SEAL zertifizierte Partnerfarmen bezogen. Die [&hellip;]<\/p>\n","protected":false},"author":1,"featured_media":0,"parent":0,"menu_order":0,"comment_status":"closed","ping_status":"closed","template":"elementor_header_footer","meta":{"footnotes":""},"class_list":["post-18","page","type-page","status-publish","hentry"],"_links":{"self":[{"href":"http:\/\/live-in-harmony.de\/index.php?rest_route=\/wp\/v2\/pages\/18","targetHints":{"allow":["GET"]}}],"collection":[{"href":"http:\/\/live-in-harmony.de\/index.php?rest_route=\/wp\/v2\/pages"}],"about":[{"href":"http:\/\/live-in-harmony.de\/index.php?rest_route=\/wp\/v2\/types\/page"}],"author":[{"embeddable":true,"href":"http:\/\/live-in-harmony.de\/index.php?rest_route=\/wp\/v2\/users\/1"}],"replies":[{"embeddable":true,"href":"http:\/\/live-in-harmony.de\/index.php?rest_route=%2Fwp%2Fv2%2Fcomments&post=18"}],"version-history":[{"count":166,"href":"http:\/\/live-in-harmony.de\/index.php?rest_route=\/wp\/v2\/pages\/18\/revisions"}],"predecessor-version":[{"id":752,"href":"http:\/\/live-in-harmony.de\/index.php?rest_route=\/wp\/v2\/pages\/18\/revisions\/752"}],"wp:attachment":[{"href":"http:\/\/live-in-harmony.de\/index.php?rest_route=%2Fwp%2Fv2%2Fmedia&parent=18"}],"curies":[{"name":"wp","href":"https:\/\/api.w.org\/{rel}","templated":true}]}}